ue
Let p = -6347 - -26194. Suppose 0 = -2*n + 51205 - p. Is n a prime number?
True
Let v = 137110 - 28523. Is v composite?
False
Let m be ((-202536)/(-60) + 0/2)*5. Suppose 62*a = 56*a + m. Is a a composite number?
True
Let f = 78 - 73. Is 0 + 327 - (-3 + f - 1) a composite number?
True
Is 2/(-3) + (-24)/(792/(-405955)) composite?
False
Let a = -1008 + 1399. Is a a prime number?
False
Let l be (-90)/60 - 18874/(-4). Suppose s + l = 4*v - 2*s, -2*s = 6. Is v a prime number?
False
Let c(b) = 1358*b**2 + 39*b - 1107. Is c(20) prime?
True
Let a = -122872 + 263345. Is a prime?
True
Let h = 376005 + -71548. Is h a composite number?
False
Is (-498)/(-12)*(-38 + 160) a composite number?
True
Suppose 3*r - 15*w = -14*w + 24017, 5*w = r - 8015. Is r composite?
True
Suppose 8*v = 476 + 900. Let y = 19 + v. Suppose 0 = -7*w + y + 3204. Is w prime?
False
Suppose -12 = 5*b - 5*h + 18, 4*h - 16 = -4*b. Let i(o) = 4*o + 18. Let k be i(-7). Is (-2105)/k - b/2 composite?
False
Suppose 16*j - 17*j + 63 = -m, 0 = 5*j + 5*m - 325. Suppose -j*q = -62*q - 30506. Is q prime?
False
Let c(g) = -274*g + 28. Let x be c(-9). Let b = 1247 - x. Let p = 1072 - b. Is p prime?
False
Suppose 0 = 3*y + 2082 - 8538. Suppose 0 = -13*m - y + 7599. Is m a composite number?
False
Let h(a) = a**3 + 7*a**2 - a - 5. Let u be h(-7). Let c(p) = p + 457 + 5*p + 50*p**2 - 4*p - 51*p**u. Is c(0) composite?
False
Is (3 + 1963)*(3/2 - -4) composite?
True
Suppose -13*u + 11*u - 270 = 0. Suppose 2*o = -667 + 71. Let t = u - o. Is t a composite number?
False
Suppose 5*x = 5*f - 1690735, 1014453 = -0*f + 3*f - x. Is f a composite number?
False
Suppose 361011 + 52559 = 267*l - 224293. Is l a composite number?
False
Let r = -2459247 + 3779662. Is r a composite number?
True
Let c(q) = -120*q + 4879. Is c(-36) a prime number?
True
Suppose -261*h - h = -65127698. Is h prime?
True
Suppose 0*q = -5*q + 860. Let j = -76 + -41. Let p = q + j. Is p a composite number?
True
Is (-219364)/(-3) + (-17)/(-17)*5/(-15) prime?
True
Suppose 0 = -2*g + 6*g - 188676. Let l = -65 - -77. Suppose -l*z + g = -3*z. Is z a composite number?
True
Suppose 0 = -7*m + 2*m - 2*c + 28121, m = -2*c + 5621. Suppose -13*r = -25042 - m. Is r a composite number?
True
Suppose b - 15 = -3*v, -v + 29 = 4*v + 3*b. Suppose -5*r - 12 = v*n, -4*r - 5 = 3*n + 4. Let o(t) = -t**3 - t**2 - t + 1. Is o(n) composite?
True
Let x be (-2 + -181)*(-129)/43. Suppose -2*k + 2186 = 4*u, 2*u + x = 3*u - 2*k. Is u composite?
False
Let m(r) = 152*r - 2677. Is m(49) composite?
True
Let m(g) be the first derivative of -2533*g**2/2 - 40*g + 56. Is m(-3) composite?
False
Let i = 11525 - 800. Suppose 2*b = -5*z + i, -z + 963 + 1204 = -4*b. Is z composite?
True
Let s(u) = u**3 + 17*u**2 - 19*u - 8. Let t be s(-18). Suppose -t*x + 6 = -16*x. Is (x - -2)*(387 - 10) composite?
True
Suppose 0 = -2*u - 2*u - 32. Let x be 0 - -1477 - -5*u/20. Suppose -3*l = -x + 14. Is l prime?
True
Suppose -23*y - 20 + 575 - 95 = 0. Let o(x) = -3673*x + 1. Let q be o(-2). Suppose y = -5*f, 4*d - q = -f + 1509. Is d prime?
False
Suppose -35*k + 1940199 = 137524. Is k a composite number?
True
Let j = 397059 + 72688. Is j composite?
False
Let g = -1036 + 1041. Suppose -5*c = -g*t + 2676 + 749, c = -4. Is t a prime number?
False
Let v(b) = -3959*b**3 + 21*b**2 - 51*b - 223. Is v(-6) prime?
True
Let s(g) = -11*g - 3. Let a be s(-1). Let z(x) = a*x - 4 + 3*x**2 - 15 + 10*x - 3. Is z(17) composite?
False
Let n(u) = -2*u**3 + 16*u**2 - 17*u + 25. Let j(w) = -16*w - 190. Let q be j(-11). Is n(q) a composite number?
False
Let n be (-4)/2 + 19330/10. Let l = 3890 - n. Suppose 0 = 5*x - 2*j + j - l, -2*x + 786 = -j. Is x a prime number?
False
Let p(i) be the second derivative of 155*i**4/12 - i**3/3 + 31*i**2/2 + 235*i. Is p(4) prime?
True
Let k(m) = -20 - 49 - 25 + 5513*m - 82 + 35. Is k(20) prime?
True
Let r = -128746 - -186849. Is r prime?
False
Let n(f) = f**3 + 12*f**2 - 12*f + 15. Let a be n(-13). Let m(o) = 6081*o - 31. Is m(a) a composite number?
True
Let i be (-9)/(81/12)*3/(-2). Suppose 2*h - 9627 = -4*g - 1001, i*g - 4298 = 2*h. Let w = -1003 + g. Is w composite?
False
Suppose 27*k - 128 = 223. Suppose 0 = -9*n - k*n + 234586. Is n a prime number?
True
Suppose -11*m - 540 + 45 = 0. Is 3*-1 - (-5507 - m) composite?
True
Let p be -312 + 310 + -1 + 0 + 1. Is (289890/60)/(p/(-4) - -1) prime?
True
Suppose 28*w = 31*w + 3. Let x(z) = 3263*z**2 + 3*z - 1. Is x(w) a prime number?
True
Suppose -564031 = -2599*z + 2586*z. Is z composite?
True
Suppose -d - 655 = -3*q + 10807, -3*d + 15300 = 4*q. Suppose -q = -3*g + 5*m, -3*g + m - 2*m + 3840 = 0. Is g a composite number?
False
Let y be 0*6/9*3/4. Suppose 5*v - 2*v - 15 = y. Let g(r) = 48*r**2 - 10*r - 9. Is g(v) prime?
False
Let h = -9547 + 60438. Is h a composite number?
False
Let p = 420 - 1614. Let c be 1761*1 - (1 + 1). Let d = p + c. Is d a composite number?
True
Suppose -256460 = -n + 2*i - 71840, -3*n - 4*i + 553830 = 0. Suppose -v = -4, -2*t + 4*v - 9*v = -n. Is t composite?
False
Suppose 1 + 3 = 2*g. Suppose -g*z + c = 488 - 1328, -3*z + 1260 = c. Let a = z + -293. Is a prime?
True
Let s(n) = n**3 - 43*n**2 + 39*n + 121. Let k be s(42). Let c(w) = -284*w - 47. Is c(k) a composite number?
False
Let o(t) be the second derivative of -265*t**3/3 - 41*t**2/2 + 2*t - 4. Is o(-5) composite?
False
Is -6*(-12)/(-9) - (84472*-2 + -5) a prime number?
False
Suppose -255444 = 18*l + 123096. Is l/5*6/(-18) prime?
False
Let t be (9204/(-4) + 0)*1. Is 4/(-10) - (t/15 - -4) composite?
False
Suppose -19*m + 18*m + 12 = 0. Let v be 2/(m/(-8) - -2). Suppose i = 5*o + 67, 69 = -4*i + 5*i - v*o. Is i a composite number?
True
Let b(k) = -22887*k + 7820. Is b(-55) a prime number?
False
Is (-11385902)/1045*25/(-2) a prime number?
False
Let f(q) = 5*q**3 + 3*q - 43. Is f(19) composite?
True
Suppose -7340704 = 124*l - 25202036. Is l a prime number?
False
Suppose -87 = -3*t - 3. Let s be t - (336/88 + (-4)/(-22)). Suppose 26*f - s*f = 2338. Is f composite?
True
Let r(o) = -3*o**3 + 6*o**2 + 4*o + 7. Let v be r(3). Suppose -8 = -3*b + 19. Is ((-6)/b - -1)/(v/(-47832)) prime?
True
Let u(k) = -k**2 - 6*k + 21. Let v be u(-9). Let l be (-2)/2*3 - 1*v. Suppose 323 = l*x - 274. Is x a composite number?
False
Suppose 85*t - 333453 - 213692 = 0. Is t a prime number?
False
Suppose 2916 = 4*x - i, 0*i = -5*x + 3*i + 3638. Let t = x + -150. Suppose a = 3, -4*g = 5*a - t - 1399. Is g prime?
True
Suppose 328*t - 1405377 = 301*t. Is t a prime number?
True
Suppose 45*m + 3*r - 994100 = 41*m, 3*r - 1242619 = -5*m. Is m composite?
True
Let l be 1/(2/27790) + 1 + -1. Let m = l + -5564. Is m composite?
True
Let c(k) = 2418*k**2 - 217*k + 1524. Is c(7) a composite number?
True
Let y(j) = j**2 + 20*j + 98. Let b be y(-8). Suppose -5*h - 2*q + 22645 = 1002, 3*h - b*q - 12973 = 0. Is h a composite number?
False
Suppose -251*v - 399*v + 304145154 = -92*v. Is v a composite number?
False
Let j = 149979 + -44845. Is j composite?
True
Suppose 2*p + 6*p + 18063289 = 45*p. Is p a prime number?
True
Let a(l) = 107*l + 5515. Is a(108) composite?
True
Suppose 15*w - 2 = -4*i + 17*w, 3*i + 2*w + 2 = 0. Suppose i*k = 5*b - 3*k - 16723, 0 = -5*b - 4*k + 16751. Is b a composite number?
False
Let k(v) = -v**2 + v + 5. Let q be k(3). Let j be -9*q/6*2. Suppose -2*t = -j*p - 97 - 1195, 0 = -2*t - 4*p + 1306. Is t prime?
False
Let o(h) = -8*h + 13*h - 6*h - 10 + 68*h**2 + 160*h**2. Is o(-3) prime?
False
Let r(o) = 122*o**2 - 102*o - 1743. Is r(-37) composite?
False
Suppose -59714 - 26609 = -z. Is z prime?
True
Let p(u) = 34*u**2 - 45*u + 44. Is p(5) a prime number?
False
Suppose 62*b - 60*b - 873928 = -4*y, -b = -5*y + 1092389. Is y a composite number?
False
Let r(d) = 5241*d + 9. Let q be r(2). Suppose 21248 = 17*a - q. Is a prime?
True
Suppose 0 = 331*k - 334*k - 198. Is ((-46855)/(-2))/((-33)/k) prime?
False
Let w(x) = x**3 - 15*x**2 + 7*x - 9. Let h be 87/6 - 2/(-4). Let d be w(h). Suppose 39 = -3*f + d. Is f a prime number?
True
Is (-418)/22 - 4 - -32932 composite?
False
Suppose 3*t - 4*q - 40597 - 38940 = 0, 79541 = 3*t - 5*q. Is t prime?
False
Suppose 0 = 3*f - 5*f - 5*t - 1965, 0 = -f - 3*t - 981. Let x be (-4 - 64/(-10)) + -2 - 99996/(-60). Let r = f + x. Is r a prime number?
True
Suppose 3